{"id":333,"date":"2024-08-10T16:24:54","date_gmt":"2024-08-10T16:24:54","guid":{"rendered":"https:\/\/solutek-wp.laralink.com\/?page_id=333"},"modified":"2026-03-29T17:30:56","modified_gmt":"2026-03-29T17:30:56","slug":"bursada-web-sitesi-yaptirmak-istiyoum","status":"publish","type":"page","link":"https:\/\/sharemet.com\/?page_id=333","title":{"rendered":"Hizmetlerimiz"},"content":{"rendered":"\t\t<div data-elementor-type=\"wp-page\" data-elementor-id=\"333\" class=\"elementor elementor-333\">\n\t\t\t\t<div class=\"elementor-element elementor-element-648b558 e-con-full e-flex e-con e-parent\" data-id=\"648b558\" data-element_type=\"container\" data-e-type=\"container\" data-settings=\"{&quot;tmea_shape_divider_top&quot;:&quot;none&quot;,&quot;tmea_shape_divider_bottom&quot;:&quot;none&quot;}\">\n\t\t\n\t\t<div class=\"elementor-element elementor-element-1b66627 elementor-widget elementor-widget-page-banner\" data-id=\"1b66627\" data-element_type=\"widget\" data-e-type=\"widget\" data-widget_type=\"page-banner.default\">\n\t\t\t\t<div class=\"elementor-widget-container\">\n\t\t\t\t\t\r\n        <div class=\"breadcumb-area about\" data-src=\"https:\/\/sharemet.com\/wp-content\/uploads\/2024\/08\/breadcumb-bg.png\">\r\n            <div class=\"container\">\r\n                <div class=\"row\">\r\n                    <div class=\"col-lg-12\">\r\n                        <div class=\"breadcumb-content\">\r\n                            <h4>Hizmetlerimiz<\/h4>\r\n                                                        <ul class=\"breadcumb-list\">\r\n                                <li><a href=\"index.html\">Home<\/a><\/li>\r\n                                <li class=\"list-arrow\">&lt;<\/li>\r\n                                <li>Hizmetlerimiz<\/li>\r\n                            <\/ul>\r\n                                                    <\/div>\r\n                    <\/div>\r\n                <\/div>\r\n            <\/div>\r\n        <\/div>\r\n\r\n    \t\t\t\t<\/div>\n\t\t\t\t<\/div>\n\t\t\t\t<\/div>\n\t\t<div class=\"elementor-element elementor-element-a9d755d e-con-full e-flex e-con e-parent\" data-id=\"a9d755d\" data-element_type=\"container\" data-e-type=\"container\" data-settings=\"{&quot;tmea_shape_divider_top&quot;:&quot;none&quot;,&quot;tmea_shape_divider_bottom&quot;:&quot;none&quot;}\">\n\t\t\t\t<div class=\"elementor-element elementor-element-005ed80 elementor-widget elementor-widget-services\" data-id=\"005ed80\" data-element_type=\"widget\" data-e-type=\"widget\" data-widget_type=\"services.default\">\n\t\t\t\t<div class=\"elementor-widget-container\">\n\t\t\t\t\t\r\n        \r\n        <div class=\"sservice-area style-two\">\r\n            <div class=\"container\">\r\n                <div class=\"row align-items-center\">\r\n                    <div class=\"col-lg-12\">\r\n                                                <div class=\"section-title text-center\">\r\n                                                            <h5 class=\"section-sub-title\">Sharemet Yaz\u0131l\u0131m &amp; Bursa Web Tasar\u0131m<\/h5>\r\n                                                        \r\n                             <h1 class=\"section-main-title\">Bursa Web Tasar\u0131m <br>YZ Destekli E-\u00d6\u011frenme ve Kurumsal E\u011fitim.<\/span><\/h1>                            \r\n                        <\/div>\r\n                          \r\n                    <\/div>\r\n                                                                                                                                                                                        \r\n                <\/div>\r\n                <div class=\"service-shape bounce-animate3\">\r\n                    <img decoding=\"async\" src=\"https:\/\/sharemet.com\/wp-content\/themes\/solutek\/assets\/images\/service5.png\" alt=\"shape\">\r\n                <\/div>\r\n                <div class=\"service-shape2\">\r\n                    <img decoding=\"async\" src=\"https:\/\/sharemet.com\/wp-content\/themes\/solutek\/assets\/images\/service7.png\" alt=\"shape\">\r\n                <\/div>\r\n                <div class=\"service-shape3 bounce-animate4\">\r\n                    <img decoding=\"async\" src=\"https:\/\/sharemet.com\/wp-content\/themes\/solutek\/assets\/images\/service8.png\" alt=\"shape\">\r\n                <\/div>\r\n            <\/div>\r\n        <\/div>\r\n\r\n        \r\n    \t\t\t\t<\/div>\n\t\t\t\t<\/div>\n\t\t\t\t<\/div>\n\t\t<div class=\"elementor-element elementor-element-e73b799 e-flex e-con-boxed e-con e-parent\" data-id=\"e73b799\" data-element_type=\"container\" data-e-type=\"container\" data-settings=\"{&quot;tmea_shape_divider_top&quot;:&quot;none&quot;,&quot;tmea_shape_divider_bottom&quot;:&quot;none&quot;}\">\n\t\t\t\t\t<div class=\"e-con-inner\">\n\t\t\t\t<div class=\"elementor-element elementor-element-418029c elementor-widget elementor-widget-wiloke-filter-cards-post\" data-id=\"418029c\" data-element_type=\"widget\" data-e-type=\"widget\" data-widget_type=\"wiloke-filter-cards-post.default\">\n\t\t\t\t<div class=\"elementor-widget-container\">\n\t\t\t\t\t        <div class=\"wiloke-filter-card-hero-section\">\n            <div class=\"wiloke-filter-card-grid\">\n\t\t\t\t        <a class=\"wiloke-filter-card-item\"\n           rel=\"dofollow\"\n           target=\"_self\"\n           href=\"https:\/\/sharemet.com\/?services=kurumsal-egitim-oyunlastirma\">\n            <div class=\"wil-filter-card__background\" style=\"background-image: url(https:\/\/sharemet.com\/wp-content\/uploads\/2026\/03\/Kurumsal-Egitim-1024x559.webp)\"><\/div>\n            <div class=\"wil-filter-card__content\">\n\t\t\t\t                <h3 class=\"wil-filter-card__heading\">Kurumsal E\u011fitim &amp; Oyunla\u015ft\u0131rma<\/h3>\n            <\/div>\n        <\/a>\n\t\t        <a class=\"wiloke-filter-card-item\"\n           rel=\"dofollow\"\n           target=\"_self\"\n           href=\"https:\/\/sharemet.com\/?services=yapay-zeka-destekli-e-icerik\">\n            <div class=\"wil-filter-card__background\" style=\"background-image: url(https:\/\/sharemet.com\/wp-content\/uploads\/2026\/03\/yapay-zeka-destekli-e-icerik-1024x559.webp)\"><\/div>\n            <div class=\"wil-filter-card__content\">\n\t\t\t\t                <h3 class=\"wil-filter-card__heading\">e-\u0130\u00e7erik (EdTech)<\/h3>\n            <\/div>\n        <\/a>\n\t\t        <a class=\"wiloke-filter-card-item\"\n           rel=\"dofollow\"\n           target=\"_self\"\n           href=\"https:\/\/sharemet.com\/?services=kurumsal-medya-uretimi\">\n            <div class=\"wil-filter-card__background\" style=\"background-image: url(https:\/\/sharemet.com\/wp-content\/uploads\/2026\/03\/Medya-Uretimi-1024x572.webp)\"><\/div>\n            <div class=\"wil-filter-card__content\">\n\t\t\t\t                <h3 class=\"wil-filter-card__heading\">Medya \u00dcretimi<\/h3>\n            <\/div>\n        <\/a>\n\t\t        <a class=\"wiloke-filter-card-item\"\n           rel=\"dofollow\"\n           target=\"_self\"\n           href=\"https:\/\/sharemet.com\/?services=saas-dijital-urun-gelistirme\">\n            <div class=\"wil-filter-card__background\" style=\"background-image: url(https:\/\/sharemet.com\/wp-content\/uploads\/2026\/03\/SaaS-ve-Dijital-Urun-Gelistirme-1024x559.webp)\"><\/div>\n            <div class=\"wil-filter-card__content\">\n\t\t\t\t                <h3 class=\"wil-filter-card__heading\">SaaS &amp; Dijital \u00dcr\u00fcn Geli\u015ftirme<\/h3>\n            <\/div>\n        <\/a>\n\t\t        <a class=\"wiloke-filter-card-item\"\n           rel=\"dofollow\"\n           target=\"_self\"\n           href=\"https:\/\/sharemet.com\/?services=web-ux-ui-tasarimi\">\n            <div class=\"wil-filter-card__background\" style=\"background-image: url(https:\/\/sharemet.com\/wp-content\/uploads\/2026\/03\/Web-ve-UX-1024x572.webp)\"><\/div>\n            <div class=\"wil-filter-card__content\">\n\t\t\t\t                <h3 class=\"wil-filter-card__heading\">Web &amp; UX\/UI Tasar\u0131m\u0131<\/h3>\n            <\/div>\n        <\/a>\n\t\t        <a class=\"wiloke-filter-card-item\"\n           rel=\"dofollow\"\n           target=\"_self\"\n           href=\"https:\/\/sharemet.com\/?services=stratejik-danismanlik-entegrasyon\">\n            <div class=\"wil-filter-card__background\" style=\"background-image: url(https:\/\/sharemet.com\/wp-content\/uploads\/2026\/03\/Stratejik-Danismanlik-1024x572.webp)\"><\/div>\n            <div class=\"wil-filter-card__content\">\n\t\t\t\t                <h3 class=\"wil-filter-card__heading\">Stratejik Dan\u0131\u015fmanl\u0131k &amp; Entegrasyon<\/h3>\n            <\/div>\n        <\/a>\n\t\t        <a class=\"wiloke-filter-card-item\"\n           rel=\"dofollow\"\n           target=\"_self\"\n           href=\"https:\/\/sharemet.com\/?services=akilli-guvenlik-video-analitigi\">\n            <div class=\"wil-filter-card__background\" style=\"background-image: url(https:\/\/sharemet.com\/wp-content\/uploads\/2026\/03\/Akilli-Guvenlik-1024x572.webp)\"><\/div>\n            <div class=\"wil-filter-card__content\">\n\t\t\t\t                <h3 class=\"wil-filter-card__heading\">Ak\u0131ll\u0131 G\u00fcvenlik &amp; Video Analiti\u011fi<\/h3>\n            <\/div>\n        <\/a>\n\t\t        <a class=\"wiloke-filter-card-item\"\n           rel=\"dofollow\"\n           target=\"_self\"\n           href=\"https:\/\/sharemet.com\/?services=akilli-donanim-iot-entegrasyonu\">\n            <div class=\"wil-filter-card__background\" style=\"background-image: url(https:\/\/sharemet.com\/wp-content\/uploads\/2026\/03\/Akilli-Donanim-Entegrasyonu-1024x559.webp)\"><\/div>\n            <div class=\"wil-filter-card__content\">\n\t\t\t\t                <h3 class=\"wil-filter-card__heading\">Ak\u0131ll\u0131 Donan\u0131m &amp; IoT Entegrasyonu<\/h3>\n            <\/div>\n        <\/a>\n\t\t            <\/div>\n        <\/div>\n\t\t\t\t\t\t<\/div>\n\t\t\t\t<\/div>\n\t\t\t\t\t<\/div>\n\t\t\t\t<\/div>\n\t\t\t\t<\/div>\n\t\t","protected":false},"excerpt":{"rendered":"<p>Hizmetlerimiz Home &lt; Hizmetlerimiz Sharemet Yaz\u0131l\u0131m &amp; Bursa Web Tasar\u0131m Bursa Web Tasar\u0131m YZ Destekli E-\u00d6\u011frenme ve Kurumsal E\u011fitim. Kurumsal E\u011fitim &amp; Oyunla\u015ft\u0131rma e-\u0130\u00e7erik (EdTech) Medya \u00dcretimi SaaS &amp; Dijital \u00dcr\u00fcn Geli\u015ftirme Web &amp; UX\/UI Tasar\u0131m\u0131 Stratejik Dan\u0131\u015fmanl\u0131k &amp; Entegrasyon Ak\u0131ll\u0131 G\u00fcvenlik &amp; Video Analiti\u011fi Ak\u0131ll\u0131 Donan\u0131m &amp; IoT Entegrasyonu<\/p>\n","protected":false},"author":1,"featured_media":0,"parent":0,"menu_order":0,"comment_status":"closed","ping_status":"closed","template":"elementor_header_footer","meta":{"_acf_changed":false,"footnotes":""},"class_list":["post-333","page","type-page","status-publish","hentry"],"acf":[],"_links":{"self":[{"href":"https:\/\/sharemet.com\/index.php?rest_route=\/wp\/v2\/pages\/333","targetHints":{"allow":["GET"]}}],"collection":[{"href":"https:\/\/sharemet.com\/index.php?rest_route=\/wp\/v2\/pages"}],"about":[{"href":"https:\/\/sharemet.com\/index.php?rest_route=\/wp\/v2\/types\/page"}],"author":[{"embeddable":true,"href":"https:\/\/sharemet.com\/index.php?rest_route=\/wp\/v2\/users\/1"}],"replies":[{"embeddable":true,"href":"https:\/\/sharemet.com\/index.php?rest_route=%2Fwp%2Fv2%2Fcomments&post=333"}],"version-history":[{"count":20,"href":"https:\/\/sharemet.com\/index.php?rest_route=\/wp\/v2\/pages\/333\/revisions"}],"predecessor-version":[{"id":1155,"href":"https:\/\/sharemet.com\/index.php?rest_route=\/wp\/v2\/pages\/333\/revisions\/1155"}],"wp:attachment":[{"href":"https:\/\/sharemet.com\/index.php?rest_route=%2Fwp%2Fv2%2Fmedia&parent=333"}],"curies":[{"name":"wp","href":"https:\/\/api.w.org\/{rel}","templated":true}]}}